 p(b) = b**2 - 2*b - 1. Give p(k).
14
Let h be 1/(-2) - (-2 + 19/(-2)). Let t(u) = 11*u - 12*u**2 - 1 + 6*u**2 - h*u. Let x be (2/(-4))/((-1)/2). Give t(x).
-7
Let z(u) = -2*u**2 - 3*u - 5. Let t(o) = o**2 + o + 1. Let i(x) = 3*t(x) + z(x). Suppose 3*k - 14 + 38 = -5*l, 0 = k - 5*l - 12. Calculate i(k).
7
Let x(s) = -s**2 - 1 - 3*s + 0*s + 7*s. Suppose -3*c + 56 = 47. Suppose -c*w = -5*j + 3, -3*w = -4*j - 8*w + 32. What is x(j)?
2
Let c(n) = -15 - n + 4*n**2 - 3*n**2 + 15. What is c(5)?
20
Let s(i) = i**3 + 2*i**2 + 2*i. Suppose -49*m + 53*m = 12. Suppose -4 = -a + m*a. Calculate s(a).
-4
Let f = -39 - -32. Let s(k) be the second derivative of k**4/12 + 3*k**3/2 + 5*k**2 + 4*k. What is s(f)?
-4
Let r(d) be the third derivative of 0 + 0*d**3 + 0*d + d**2 + 1/24*d**4. Let n(i) = -29*i**2 - 288*i + 16. Let z be n(-10). Calculate r(z).
-4
Let n(d) be the third derivative of -d**5/60 - d**4/3 + 3*d**3/2 - 300*d**2 - d. What is n(-7)?
16
Let g(f) = -2*f**3 + 0 + 2 + 2*f**2 - 2*f - 1. Let c be -7*2/(-56)*4. Give g(c).
-1
Let z(a) = 5*a. Let f(s) be the second derivative of s**3 - 2*s. Let g = -4 + 10. Let l(c) = g*f(c) - 7*z(c). Give l(-1).
-1
Let o(s) = -711 + 1435 + 0*s - 724 - s. What is o(-4)?
4
Let y(v) be the second derivative of 4*v**3/3 + v**2/2 + 3*v. Suppose -2*p + 3 = p. Suppose -4*g + 5*g + p = 0. What is y(g)?
-7
Let k(t) = 2*t**3 + t**2 + t + 2. Let y(l) = 5*l**3 - 6*l**2 + 11*l. Let z(w) = 2*k(w) - y(w). Give z(7).
-10
Let s(r) = 3*r + 51*r**2 + 45*r**2 + 49*r**2 - 10 - 11*r - 144*r**2. Give s(10).
10
Let a(m) = -m**3 + 9*m**2 - 9*m + 12. Let t = 48 - 40. Calculate a(t).
4
Suppose -5*h + 0*b + 79 = -4*b, 5*h - 5*b - 75 = 0. Let n = h - 24. Let c(a) = -a**2 - 6*a - 7. Give c(n).
-2
Let x(v) = -v**2 + 36*v - 285. Let f be x(24). Let c(i) = i**3 - 4*i**2 + i - 1. Give c(f).
-7
Let f(t) = -t**3 + 11*t**2 + 5. Suppose -53 = -8*g + 35. What is f(g)?
5
Let x(p) = 7 - 2 + 6*p**2 + p**3 - 7*p - 7. Let z be x(-7). Let v(j) = j**2 - j - 1. Calculate v(z).
5
Let c(o) = 5*o**2 + 17 + 2*o + 2*o**3 + 2*o + o**3. Let g(r) = -2*r**3 - 2*r**2 - 2*r - 9. Suppose -4 = 9*f - 31. Let d(j) = f*c(j) + 5*g(j). Calculate d(5).
16
Let c(m) = -2*m**2 - m - 2. Suppose -22*l = -15 + 59. Calculate c(l).
-8
Let a = -24 + 29. Let i(q) = 10*q + 6 - a*q + 3*q + q**2. Give i(-6).
-6
Suppose 7*x - 4*x = 15. Suppose w + 3*r + r = 22, 0 = w + 3*r - 17. Let t(p) = -p**3 + x + 9*p**w - 11 + 8*p - 4*p**2. Calculate t(6).
6
Suppose 8 = i + 3*i. Let l(h) = 6 - 8 + h**3 + 8*h - 7*h**i - 3. What is l(6)?
7
Suppose 44 = -10*v + 4. Let l(i) = -16*i**2 - 31*i + 36. Let g(x) = 3*x**2 + 6*x - 7. Let u(y) = 11*g(y) + 2*l(y). Determine u(v).
-5
Let o(p) = p**2 - 8*p + 8. Let n be o(6). Let x(q) be the second derivative of -1/20*q**5 + 1/3*q**3 + 0 + 3*q - 1/3*q**4 + 5/2*q**2. What is x(n)?
-3
Let y(x) be the third derivative of -x**6/240 - 3*x**4/8 - 43*x**2. Let j(u) be the second derivative of y(u). Calculate j(-4).
12
Let u(n) = -n**3 + 7*n**2 + 6*n - 8. Let j be u(6). Let f be (2 - j/20)*5. Let t = 10 + f. Let i(p) = p**3 - 4*p**2 + p - 2. Calculate i(t).
2
Let o(l) = 3*l - 3. Let u = -206 + 202. Calculate o(u).
-15
Suppose 35*i - 33*i = 4. Let v(t) = -2 - t**3 - 3*t**2 + 0 - t + 3*t**i. Calculate v(-2).
8
Let k(h) = 18*h**3 + 10*h**2 + 46*h + 17. Let i(j) = 11*j**3 + 5*j**2 + 23*j + 9. Let a(c) = 5*i(c) - 3*k(c). Give a(8).
2
Let z(k) = -5*k**2 - 3*k - 2. Let r = -11 - -13. Let f(y) = -y**r - 8 - 5*y + 4*y + 7 + 0. Let g(b) = 4*f(b) - z(b). What is g(2)?
0
Let o(v) = 0*v + 8*v**2 - 2*v + 591*v**3 - 12 - 590*v**3. Give o(-8).
4
Let c(v) be the third derivative of -v**6/120 - v**5/10 + v**3/6 + 2*v**2 - 58. Calculate c(-5).
-24
Suppose -19 = 11*v + 36. Let t(w) = -5 + 17*w + 15*w - w**2 - 37*w. Give t(v).
-5
Suppose 0 = -3*v + 2 + 7. Let r(i) = 3*i**v + 8 + 110*i**2 + 5*i - 2*i**3 - 104*i**2 - 2. Determine r(-5).
6
Let u(x) = x**2 + x - 4. Let m be u(3). Let c(j) = 16*j. Let s(y) = -65*y + 4. Let q(i) = 4*c(i) + s(i). Calculate q(m).
-4
Let l(h) = -2*h**3 + 9*h**2 + 3*h - 1. Let w(v) = 5*v**3 - 20*v**2 - 7*v + 1. Let m(o) = -7*l(o) - 3*w(o). Calculate m(-4).
20
Let u be (-2)/4 - (-2)/4. Suppose -2*j + 5*r - 13 = u, 3*r = j + 8 - 0. Let y(o) = o - 64. Let g(x) = -2*x + 80. Let t(w) = -4*g(w) - 5*y(w). Determine t(j).
3
Suppose 17 = 3*g + 4*x, -5*g + 2*x + x = 20. Let a(v) be the first derivative of -11 + 2/3*v**3 + 1/2*v**2 + 0*v + v**4. Calculate a(g).
-3
Let j be 87/27 - 22/99. Let b(w) be the first derivative of w**2 + w - 1. Give b(j).
7
Let c(q) = q**3 + 3*q**2 - 4*q + 5. Let z(g) = 7*g + 199. Let s be z(-29). Determine c(s).
5
Suppose -5*t = 0, -3*q + 20 = -5*q - t. Let p(m) = -m - 7. Determine p(q).
3
Let z(k) = k. Suppose 5*m - 25 = -2*d - 3*d, -25 = -m - 5*d. Let c = 3 - m. Give z(c).
3
Let w = -113 - -105. Let d(f) = f - 1. Give d(w).
-9
Let f(w) = -w**2 + 6*w + 3. Let o be f(5). Let q be (o + -6)*1/2. Let r(d) = -d**2 - d. Let s(l) = 6*l**2 + 5*l. Let k(z) = 5*r(z) + s(z). Determine k(q).
1
Let j(q) be the third derivative of -1/3*q**3 + 0 + 0*q - 13*q**2 + 1/12*q**4. Determine j(-4).
-10
Let c(x) be the first derivative of -x**2/2 - 6*x - 247. What is c(-8)?
2
Let l(b) = -10*b**3 + 24*b**2 + 18*b + 10. Let o(q) = -7*q**3 + 16*q**2 + 13*q + 7. Let u(r) = 5*l(r) - 7*o(r). Give u(6).
67
Let x(o) = -7*o - 5. Let l(r) = -5*r - 6. Let w(k) = -4*l(k) + 3*x(k). Give w(13).
-4
Let j(p) be the second derivative of p**5/20 - p**4/2 + 2*p**3/3 - 7*p**2/2 + 100*p. What is j(5)?
-12
Let p = 14 - 10. Suppose a = 4*h - 0*a + 32, 3*h + 24 = -p*a. Let g = 9 + h. Let v(x) = x**3 + x**2 + x - 1. What is v(g)?
2
Let a(k) = -k**2 + 6*k + 5. Suppose 0 = j - 0*j + 33. Let o = 56 + j. Suppose 2 + o = 5*w. Calculate a(w).
10
Let t(l) be the third derivative of -5*l**2 + 1/2*l**3 + 0 + 1/120*l**6 + 1/12*l**5 + 0*l + 1/6*l**4. Give t(-4).
3
Let b(u) = -u**3 - 5*u**2 + 8*u + 8. Let h = -43 - -47. Suppose 2*w + 0 - 8 = 0. Let p be ((-6)/(h/w))/1. What is b(p)?
-4
Let l(v) = -v**3 + 2*v**3 - 1 + 10*v**2 - 2. Let t = 670 - 664. Let m(r) = -2*r**3 - 19*r**2 + 6. Let u(g) = t*m(g) + 11*l(g). What is u(-4)?
3
Let r(m) be the first derivative of m**4/4 + 2*m**3/3 + m**2 - 2*m + 536. Let z = 2 + -4. Calculate r(z).
-6
Let p be (-10)/(-3)*(-12)/(-2). Let q(o) = -o + 25. Determine q(p).
5
Let x be 1 - 1 - (-10 + 8). Let k(s) = -s**2 - 7*s - 4. Let u be k(-6). Let m(j) = -3 - u*j**3 + 8*j**2 + 2*j - 6*j**2 - j**2 + 2. Determine m(x).
-9
Let l(n) = -n + 4. Suppose 2*c - 106 = -5*b, -2*c - 2*c + 196 = 2*b. Let j be c/(-2)*2/(-3). Suppose 5*i + p = -p + 26, j = i + 4*p. Calculate l(i).
0
Suppose -3*p + 5*s + 10 = 0, 2*p + 0*s = 2*s. Let a(j) be the first derivative of j**4/4 + 5*j**3/3 - 3*j**2/2 - 3*j + 21. Give a(p).
12
Suppose -1 = k + 5. Let z(a) = a**3 + 4*a**2 + 2*a + 2. Let j be z(-3). Let f(t) = 3*t**2 + 6 - 2*t**2 - j*t**2 - 5*t + 3*t**2. Give f(k).
0
Suppose 0 = 4*o, 4*o = -2*i - i - 15. Let h(q) = -4*q**3 + q**2 + q + 1. Let y(l) = 23*l**3 - 11*l**2 - 9*l - 12. Let v(m) = 6*h(m) + y(m). Determine v(i).
9
Let b(v) be the third derivative of -v**8/6720 + v**7/420 - v**6/720 + v**5/20 - 7*v**4/24 - 13*v**2. Let p(n) be the second derivative of b(n). Determine p(6).
0
Let n(s) = s**2 + 5*s + 5. Let f be (-24)/(((-2)/8)/((-2)/8)). Let q = f + 20. Calculate n(q).
1
Let m(z) = z**3 + 33*z + z**2 - 17*z - 18*z. Suppose -v = -3*v + 4. Give m(v).
8
Let x(s) = s**2 - 16*s**2 + 0*s + 3*s - 9*s**2 + 23*s**2 - 2. Suppose 3*o + 0*o - 9 = 0. What is x(o)?
-2
Let g(d) be the first derivative of -d**5/120 + d**4/8 + 23*d**3/3 + 18. Let n(t) be the third derivative of g(t). Calculate n(-7).
10
Let d(m) = -5*m**3 + 7*m**2 - 5*m - 4. Let k(q) = 6*q**3 - 7*q**2 + 4*q + 4. Let r(a) = -7*d(a) - 6*k(a). Calculate r(-8).
-20
Let t(h) be the third derivative of h**3/6 + 3*h**2. Suppose 0 = 2*c + 24 - 6. Let v(i) = -3*i. Let g(l) = c*t(l) + v(l). What is g(-6)?
9
Let t(u) be the third derivative of u**5/60 - u**4/8 + u**3/2 + 23*u**2 + 1. Determine t(4).
7
Suppose 0 = 4*i - 6 + 2. Let s(l) = 2*l**3 - 2*l**2 + 3*l - 2. What is s(i)?
1
Let u(i) be the second derivative of i**3/6 - 4*i**2 + 22*i. Let b(y) = 9*y**2 + y. Let k be b(1). Let x be u(k). Let m(f) = -f**2 + 3*f - 3. Calculate m(x).
-1
Let t(z) = 1. Let x(y) = -7*y - 2. 